 -234 + w. What is the units digit of j?
4
Let a(q) = -1886*q - 2484. What is the tens digit of a(-24)?
8
Let l(z) = -15*z + 9. Let g be 55/(-20)*(-33 + 1). Let r = g - 100. What is the units digit of l(r)?
9
Suppose -3*k + 12409 + 24097 = x, -60827 = -5*k - 4*x. What is the thousands digit of k?
2
What is the thousands digit of (-1976 + -4)/6*475/(-10)?
5
Let l(c) = 2*c**2 + 36*c + 4. Let i be l(-13). Let b = 164 - i. What is the units digit of b?
0
Let u = 12 - 11. Let n be 20/(-15)*(8 + u). What is the units digit of -1*(-57 + n/3)?
1
Let b(u) = 17*u**2 - 81*u - 1447. What is the tens digit of b(-42)?
4
Let r be (-1 - (-1)/(-2))/(21/28). Let i(m) = 4*m + 9. Let k(c) = c - 1. Let u(o) = -i(o) - 2*k(o). What is the units digit of u(r)?
5
Let k = 323 - -104. Suppose 80 = 52*s - 131 + 55. Suppose 4*a + s*u = k, -65 = a - u - 170. What is the units digit of a?
6
Suppose -44*g + 41*g = -72. Suppose -17256 = -g*a - 0*a. What is the tens digit of a?
1
Suppose 57 = 3*j - 5*b, -17*j - b + 11 = -16*j. What is the tens digit of 1096015/581 - (-8)/j?
8
What is the units digit of 216963081/4380 - 1/(-20)?
5
What is the thousands digit of (36569/(-78) + -5)*-6?
2
Suppose -2*l + 5*v + 9 = 178, -383 = 4*l + 5*v. Let k(n) = -13*n**3 - 3*n**2 + 2. Let p be k(-3). Let j = p + l. What is the hundreds digit of j?
2
Suppose -26*d - 625696 = -42*d. What is the ten thousands digit of d?
3
Suppose -8*o - 13 = -93. Let h = 14 - o. Suppose -h*d - d - 15 = 0, z = 2*d + 79. What is the units digit of z?
3
Suppose 4*z - 1020 = -11*z. Suppose 0 = 3*k + 2*y - 2300, -5*y - 1459 - z = -2*k. What is the tens digit of k?
6
Suppose 21*g + 126448 = 554932. What is the tens digit of g?
0
Suppose -25 = -5*k, 88270 = 5*d - 344*k + 345*k. What is the thousands digit of d?
7
Let p(x) = 2*x**2 - 5*x + 19. Let k be p(6). Let i = 33 - k. Let b = 131 + i. What is the units digit of b?
3
Let m = -70 + 74. Let f be (-454)/4 + (4 + -2)/m. Let t = f - -280. What is the tens digit of t?
6
Suppose 4*v = -s - 5, -v - 3*v - 20 = -4*s. Suppose s*j - 1650 = -3*c, 0 = 3*j - 2*c - 1446 - 209. What is the hundreds digit of j?
5
Let v(g) = -103*g**3 + 2*g**2 + 3*g + 2. Let r(f) = f**2 - 6*f + 3. Let p be r(5). Let t be 6/p*(-2)/(-6). What is the hundreds digit of v(t)?
1
Let h = -17196 + 27097. What is the tens digit of h?
0
Let p(o) = -31*o**3 - 5*o**2 - 6*o - 1. Suppose 3*w = -2*w - 5, w - 7 = 4*a. What is the tens digit of p(a)?
3
Let i = 336 - 878. Let l = i - -819. What is the hundreds digit of l?
2
Suppose -1492744 - 624946 = -85*q. What is the ten thousands digit of q?
2
What is the thousands digit of (0 + (2 - 1))*(-755284)/(-124)?
6
Let h(y) = -4*y - 10. Let q be h(-3). Let v(k) = -8*k + 4*k - 2*k + 10*k**2 - q. What is the units digit of v(3)?
0
Let w(o) = -3*o - 21. Let a be w(-11). Suppose -5*h = -a*h + 1659. Suppose -494 = -4*p - 5*m, -2*p = 2*m - h - 11. What is the units digit of p?
6
What is the ten thousands digit of (-30812 + 4 - -7)/(-3)?
1
Suppose 14122 = 3*a + 4*u, 2*a = 16*u - 20*u + 9420. What is the units digit of a?
2
Let l be 1/(-5) + 136/(-20). Let y(a) = a**3 + 9*a**2 + 14*a + 6. What is the units digit of y(l)?
6
Let c(l) = 1889*l - 178. What is the thousands digit of c(2)?
3
Suppose 1754843 = 41*a - 1036314. What is the hundreds digit of a?
0
Suppose 4*w + 816 = 6*w. Suppose -5*i - w = -i. What is the hundreds digit of (-44 + 0)*i/24?
1
Let x(o) be the third derivative of -47*o**4/24 - 82*o**3/3 - 11*o**2 + 3. What is the tens digit of x(-18)?
8
What is the units digit of (-65)/(-10)*480/390?
8
Suppose -b = -3*j - 21, 4*b - 149 + 17 = -4*j. Let o = b - -114. Suppose -5*p = 3*p - o. What is the units digit of p?
8
Let y = 1338 + 777. Let z = y - 1165. What is the hundreds digit of z?
9
Suppose -q + 20108 = 3*u, 2*q + 28*u = 33*u + 40205. What is the units digit of q?
5
Let y = 138 + -135. What is the hundreds digit of (-2577)/(-6) - (y - (-18)/(-4))?
4
Let p be (-12)/12*(568 - 2). What is the hundreds digit of (-9)/(72/(-40)) - (-1 + p)?
5
Suppose -5*i + 104879 = 3*j, 3*j - 1125*i = -1129*i + 104872. What is the units digit of j?
8
Let y = -10 + 14. Let n be (-294)/y*(-200)/75. Let q = n - 107. What is the units digit of q?
9
Let z = -192 - -231. What is the units digit of z/(-312) - (-2066)/16?
9
Let o be (6/21)/((-8)/(-56)). Let s be (o - 137/2)/((-4)/24). Let p = -263 + s. What is the hundreds digit of p?
1
Let c(q) be the third derivative of q**6/144 - 23*q**5/120 - 13*q**4/24 - 5*q**2. Let u(o) be the second derivative of c(o). What is the tens digit of u(7)?
1
Let y be (5665/(-44))/(-1 - 10/(-8)). Let h = -100 - y. What is the tens digit of h?
1
Let d(p) be the second derivative of 14*p**3/3 - 31*p**2 - p - 14. What is the tens digit of d(8)?
6
Let b = -4104 - -21878. What is the units digit of b?
4
Suppose -7*t - 4*t + 44 = 0. Suppose -t*b = -n - 88, -4*b + 115 = 4*n + 7. Suppose 2*s - 3*j = 53 + b, s - 56 = -3*j. What is the tens digit of s?
4
Suppose 49*r + 15 = 52*r. Suppose 5*p - 2679 = 2*p - v, 4472 = r*p + 4*v. What is the hundreds digit of p?
8
Let u = 5827 - -1361. What is the thousands digit of u?
7
Suppose -5*a - 5*k = 20869 - 106409, 3*k - 17108 = -a. Suppose -50*u = -63*u + a. What is the hundreds digit of u?
3
Let m(l) = 4*l**2 - 25*l + 31. Let h be m(5). What is the tens digit of 1 + (14331/9 - h/18)?
9
Let a = 345 + -338. What is the tens digit of 1*(20 + 3)/(a/287)?
4
Let f be -5*3/(-30)*510 + 5. Let v = 537 - f. What is the tens digit of v?
7
Suppose -5*q = -4*j + 54 + 48, 2*j - 5*q - 56 = 0. Suppose 22*f + 228 = j*f. What is the hundreds digit of f?
2
Let s(d) = d + 7. Let m be s(4). Suppose -3*n + 11 = -4*h - m, 12 = 2*n - 2*h. Suppose n*u = 242 - 22. What is the tens digit of u?
1
Let n(r) = 609*r - 510. What is the tens digit of n(1)?
9
Suppose 0 = 262*t - 267*t - 1310. Let l = 220 - t. What is the tens digit of l?
8
Let o(p) = 138*p - 640. What is the units digit of o(93)?
4
Let q = -735 - -738. Suppose -q*j = -4*y + 3942, -3*y = 2*j - 2513 - 452. What is the hundreds digit of y?
9
Suppose -3*v = v + o - 437, -457 = -4*v - 5*o. Suppose -102*j + v*j - 1458 = 0. What is the hundreds digit of j?
2
Let s be (11/(-22))/((-1)/(-8)) + 3700. Suppose -d + 13*d - s = 0. What is the hundreds digit of d?
3
Let q(v) = 10*v**2 + 60*v - 19*v**2 + 11*v**2 + 5*v**2 + 10. What is the thousands digit of q(-18)?
1
Let f(i) = -i**3 - 4*i**2 + 13. Suppose 4*t + 54 = -14*t. What is the units digit of f(t)?
4
Let y(w) = -29*w**2 - 17*w + 33. Let t be y(2). Let q = t - -1518. What is the thousands digit of q?
1
Let u(w) = w**3 + 13*w**2 - 2*w + 5. Let z(b) = 6*b**2 - b - 4. Let g be z(-3). Suppose -2*k + g = -6*k + p, k - 4*p = -17. What is the tens digit of u(k)?
3
Let r(k) = -k. Let s(j) = 2*j - 33. Let n(v) = -2*r(v) - 2*s(v). Let z(h) = h - 22. Let c(t) = 3*n(t) + 10*z(t). What is the units digit of c(16)?
2
Let i be 5/((-25)/(-20)) + 0. Let y(j) = 5*j - 15. Let u be y(i). What is the units digit of (0 + u)*(0 - -1)?
5
Suppose 0 = -238*z + 229*z + 324. What is the hundreds digit of (-9 - -148) + z/(-6)?
1
Let t(b) = -12281*b - 19. What is the hundreds digit of t(-1)?
2
Let y be ((-27250)/(-35))/5 - 6/(-21). Let m = 1201 - y. What is the units digit of m?
5
Suppose 298002 = 56*c - 23046. What is the tens digit of c?
3
Suppose g = 6*g - 4*a + 659, 3*a = 2*g + 258. What is the hundreds digit of 2 + (-3 - -8 - g)?
1
Let x(j) = 391*j**2 - 91*j - 254. What is the hundreds digit of x(-3)?
5
Let q(a) = 49*a**2 + 43*a**2 - 7 + 13*a - 84*a**2. Let z(w) = 4*w**2 + 7*w - 3. Let y(u) = 6*q(u) - 11*z(u). What is the hundreds digit of y(-7)?
1
Let h = -30072 - -51813. What is the tens digit of h?
4
Let v(s) = -s**3 + 36*s**2 - 70*s + 1311. What is the thousands digit of v(31)?
3
Let q(a) = a**3 - a**2 + a + 974. Let g be q(0). Suppose -g = -68*i + 66*i. What is the tens digit of i?
8
Let l be 1*-1 + 12/(-18)*1137. Let n = l + 1133. What is the tens digit of n?
7
Suppose -5*g + 3393 + 4142 = 0. Suppose -g = -14*z - 163. What is the units digit of z?
6
Let z(j) = 39*j**2 - 19*j - 2. Let w(x) = -80*x**2 + 36*x + 5. Let y(k) = -4*w(k) - 7*z(k). What is the thousands digit of y(-5)?
1
Suppose -21*u + 16*u + 15 = 0. Suppose 0 = -2*r - 2*r + u*p + 25, 3*r + 4*p = 0. What is the uni